1*x + 14. Let m be j(-12). Let p be (-4 - (0 + -6)) + m. Let g(k) = k**2 - 3*k - 2. Determine g(p).
2
Let u = -1 + 1. Let b(l) be the second derivative of -l**6/120 + l**4/24 - 5*l**3/6 + l**2 + l. Let k(h) be the first derivative of b(h). Calculate k(u).
-5
Let q(g) = 7*g**2 - g. Let m be ((-2)/(-5))/((-3)/(-15)). Let t(d) = -d + 0*d + m*d. Let b be t(-1). Determine q(b).
8
Let n(u) = 0*u + 1 - 2*u + u + 3*u. What is n(2)?
5
Let r = 0 - -2. Suppose -r*x + 10 = 4*z, 4*z = z - 2*x + 7. Suppose 0 = 2*w - z*w. Let c(l) = -l + 1. Calculate c(w).
1
Suppose 2*c = 3*c - 3. Let d be (-5)/4*(c + 1). Let s(p) = -p + 7 + 2*p - 3*p + 3*p. Calculate s(d).
2
Let f(a) = -3*a**2 - 6*a + 1. Let u(o) = 4*o**2 + 5*o - 1. Let x(j) = 3*f(j) + 2*u(j). Give x(-8).
1
Let i be 4/(-1*(-3 + 4)). Let t(f) = f**3 + 5*f**2 + f - 1. Determine t(i).
11
Let b(f) = -3*f**3 + 11*f**2 - 13. Let t = 5 - 13. Let p(o) = 2*o**3 - 7*o**2 + 9. Let a(m) = t*p(m) - 5*b(m). Calculate a(0).
-7
Let z(g) be the third derivative of g**5/60 + 5*g**4/24 + g**3 + 6*g**2. Let x = 5 + 9. Suppose 5*r + x + 11 = 0. What is z(r)?
6
Let p(o) be the third derivative of -o**6/360 - o**5/60 + o**4/8 - o**3 - 6*o**2. Let q(u) be the first derivative of p(u). Calculate q(-4).
-5
Suppose 0 = 8*p - 13*p + 45. Let m(n) = -5*n**2 + 6 - p*n**2 - 5. Determine m(1).
-13
Let n(u) = -15 - 9*u + u**2 + 12 + 9. Calculate n(6).
-12
Suppose 3*k + 22 - 7 = 0. Let q(a) = -7*a**2 - 11*a + 3. Let u(y) = -4*y**2 - 6*y + 1. Let t(c) = 3*q(c) - 5*u(c). Determine t(k).
-6
Let q(j) = -j. Let i(t) = 4*t + 2. Let c(s) = 2*i(s) + 6*q(s). What is c(-4)?
-4
Let x = 30 + -14. Let k(b) = -6*b + x + 12 - 28. What is k(-1)?
6
Let x be (-2 + 6 - 7)*1. Let n(h) be the second derivative of h**3/6 + 5*h**2/2 + h. What is n(x)?
2
Let a(o) be the second derivative of o**4/12 - o**3/3 + o**2 - 5*o. Determine a(3).
5
Let q(o) = -o**2 + 1. Let r(i) = -i**3 + 7*i**2 - 2*i - 4. Let k(n) = 5*q(n) + r(n). Determine k(1).
0
Let u(f) = -f - 3. Let w be u(-9). Let y(l) = 7*l - 2. Let q(o) = 20*o - 6. Let p(c) = w*q(c) - 17*y(c). Give p(5).
3
Let z(h) be the second derivative of 2*h**3/3 + h**2/2 - 17*h. Give z(-2).
-7
Let d(a) = -3 - 3 - a + 0. Let u be d(-7). Let o(k) = k - 4*k + u - 5 + 2*k. Calculate o(3).
-7
Let o(i) = 6*i**3 + i**2 - i. Let s be 0 - 0 - (-5 - -2). Suppose b + s*b - 4 = 0. Determine o(b).
6
Let l be (-207)/(-45) - (-6)/(-10). Let p(o) = 0*o + 0*o - o + l*o - 3. Determine p(3).
6
Let z(q) = -q**3 - 6*q**2 + 1. Let j be ((-6)/(-7))/(15/(-105)). What is z(j)?
1
Let x(v) be the third derivative of v**9/10080 - v**8/20160 - v**7/2520 - v**6/720 + v**5/12 - v**2. Let n(t) be the third derivative of x(t). Determine n(-1).
-6
Suppose -8 = n - 3*n. Let b(l) = l**3 - 5*l**2 + 5*l - 3. What is b(n)?
1
Let w(t) = t**3 + 4*t**2 - 5*t + 3. Let d be (-2 - -4)/((-6)/(-10) + -1). What is w(d)?
3
Let p(b) = 8*b**2 - 1. Let n be (-3)/9 + 24/(-36). Calculate p(n).
7
Let y(o) = 13*o - 8*o + 3*o**3 + 2 + 2*o**2 - 4*o**3 + 0. Give y(4).
-10
Let s be (6/4)/(2/4). Let d(p) = -p - 3*p - s + p + 6. Calculate d(2).
-3
Let y(n) = 6*n**3 - 5*n**2 - 3*n - 10. Let s(h) = -h**3 + h + 1. Let i(b) = 5*s(b) + y(b). Give i(4).
-13
Let a = -1 + 8. Let x = -11 + a. Let g(j) = j**3 + 5*j**2 + 5*j. Give g(x).
-4
Suppose 0 = 2*z - r, 0 = -z + r - 4 + 3. Suppose -5*t - 3*a + 7 = 0, 5*t = -2*a + 2 + z. Let y(i) = -5*i + 1. Give y(t).
6
Let u be -1 - (-4)/7 - (-135)/21. Let j(p) = p**2 - 9*p + 6. What is j(u)?
-12
Let s(v) = -2*v**3 + 2*v - 1. Let c be s(1). Let m(k) = -9*k**2 + k - 1. Let g(n) = n**2. Let a(z) = c*g(z) + m(z). Give a(1).
-10
Let h(w) = -3*w**2 + 2. Suppose 2*i + 1 = 3*i. Let j be i/(-2) + 9/(-6). Calculate h(j).
-10
Let t(l) = l**2 + l + 1. Let p be (-1)/((-1)/(-8)*-1). Let h be ((-2)/4)/(4/p). Determine t(h).
1
Let d(l) = 5*l**2 - 4*l - 2. Let b(r) = 11*r**2 - 9*r - 4. Let n(k) = -6*b(k) + 13*d(k). Determine n(4).
-10
Suppose -11 = -5*c - 1. Let b be (c/3)/(2/3). Let d(m) = -2*m + 0*m + m - b. Give d(2).
-3
Let w(d) = -d**3 + d - 3. Let v(q) = q**2 - 3*q + 9. Let l be v(3). Let t = -4 + 13. Let s = l - t. Determine w(s).
-3
Let l(m) = m**2 - 11*m + 16. Let n be l(9). Let q(w) = w**2 + 3*w. Calculate q(n).
-2
Let t(p) = 2*p**2 + 3*p. Let q(g) = 2*g - 2. Let z be q(1). Let l be z + -2 + (18 - 18). Calculate t(l).
2
Let d(f) be the third derivative of -f**5/60 + f**4/8 + 6*f**2. What is d(4)?
-4
Let i(l) = 17*l**3 - 5*l**2 + 5. Let b(r) = 60*r**3 - 18*r**2 + 18. Let v = -10 + 5. Let m(y) = v*b(y) + 18*i(y). Give m(1).
6
Suppose -4*a - 2 - 10 = 0. Let f(x) = -x - 1. Determine f(a).
2
Let s = 8 - 5. Let n(v) = -2*v - 3*v + 18 + 2*v**2 - 14. Calculate n(s).
7
Suppose 5*o = -14 - 16. Let x(h) = h**3 + 6*h**2 + h - 7. Calculate x(o).
-13
Suppose -21 = -5*m - 5*r - 6, 4*m - 4 = 4*r. Let v(l) = 3 + m + 4 - 3 + l. Give v(0).
6
Let n(g) be the second derivative of -g**4/6 - g**3/2 + 3*g**2/2 + 15*g. Determine n(-3).
-6
Suppose 5*x - 21 = b, -17 = -2*x + x - 3*b. Let g = 3 - x. Let a(s) = -7*s - 3. Give a(g).
11
Let d(f) be the third derivative of -f**4/24 - f**3/6 - 6*f**2. Determine d(-5).
4
Let i(j) = -j**3 + 4*j**2 - j - 4. Let g be i(2). Let b(a) = -a**2 - 7*a - 4. Let t be b(-6). Let c(o) = t*o**2 - 3*o**2 - 3*o - g - 4*o. Give c(-5).
8
Let p be (-2)/(-7) + (-105)/(-147). Let a(l) = l - 1. Determine a(p).
0
Let j(f) = -f**3 + 3*f**2 - 2*f. Let q be j(2). Suppose 0*p = -2*c - p - 17, c - 2*p - 4 = q. Let r(y) = y**3 + 7*y**2 + 7*y + 1. Determine r(c).
-5
Let b(c) = -6*c + 2*c + 2*c**2 + c - 3 - 58*c**3 + 60*c**3. Determine b(-2).
-5
Let g(l) = -7*l**2 - 12*l - 23. Let y(m) = -m**2 - 2*m + 1. Let k(z) = -g(z) + 6*y(z). Calculate k(0).
29
Let m(u) be the third derivative of u**3 - u**2 - 1/24*u**4 + 0*u + 0. Give m(0).
6
Let x(d) be the second derivative of -d**4/12 + d**3 - d**2 - 25*d. Determine x(5).
3
Let l = -13 - -15. Let k = -15 - -24. Let q(d) = -1 + l*d + 1 - 3*d - k. Give q(-4).
-5
Let s(r) = -3*r**3 + 8*r**2 + 3*r + 1. Let l(p) = 2*p**3 - 7*p**2 - 2*p - 1. Let w(v) = -4*l(v) - 3*s(v). Calculate w(-4).
5
Let w(t) be the first derivative of -t**7/840 - t**6/360 + t**5/120 - t**4/6 - 2*t**3/3 - 3. Let d(l) be the third derivative of w(l). Determine d(0).
-4
Let r = 3/8 - -1/8. Let i(c) be the third derivative of 1/6*c**4 + 0 - c**2 + r*c**3 + 0*c. Give i(-2).
-5
Suppose f + 4*f - y = -25, 4*f + 14 = 2*y. Let x(i) = -i - 4. What is x(f)?
2
Let j(d) = 15*d + 0 - 7 - 14*d + 3. Give j(-5).
-9
Let v = -1 - -5. Let l(h) = v*h + 1 + 0*h + 1 - 3*h. Give l(-3).
-1
Let z(i) be the third derivative of 5*i**4/24 - i**3/3 + 3*i**2. Give z(-2).
-12
Let p(i) = -i**2 - i + 6. Let n(x) = -1. Let d(j) = 5*n(j) + p(j). Let a be (-6 + 6)*(1 - 0). Give d(a).
1
Let s(f) be the second derivative of 2*f**3/3 - 3*f**2/2 + f. Suppose r = -r + 8. Let c = 6 - r. Calculate s(c).
5
Let x(t) = t**2 + t. Suppose -i + 11 = 4*q, i + 1 + 0 = 2*q. Give x(i).
12
Let l(h) = -h**3 + 13*h**2 - 12*h + 5. Let i be l(12). Let f(x) = i + 3 + x + 0. Determine f(-6).
2
Let p(l) be the second derivative of 1/6*l**3 + 0 + 1/2*l**2 - l + 2/3*l**4. What is p(-1)?
8
Let s(k) = k - 4. Let j(o) = 3*o - 9. Let z(x) = -4*j(x) + 9*s(x). What is z(1)?
-3
Let t be 0 - ((7 - 2) + -2). Let c(n) = 6*n + n**2 + 110 - n - 114. Calculate c(t).
-10
Let l(u) be the second derivative of -u**4/12 + u**3 - 5*u**2/2 - 4*u. Let i be (6 - 18)*1/(-2). Calculate l(i).
-5
Let k(y) = -y**2 - 1. Let s(j) = j**2 - 3*j + 6. Let x(u) = -2*k(u) - s(u). Let n(h) = 2*h + 6. Let m be n(-7). Let c(f) = f + 5. Let g be c(m). Calculate x(g).
-4
Let f(i) = i**2 - i. Let g(v) = -5*v**2 + 7*v + 2. Let d(z) = 6*f(z) + g(z). Determine d(-2).
4
Let h(s) = 2*s**3 - 3*s**2 + 2. Suppose -4*c - 5 + 17 = 0. What is h(c)?
29
Let j(u) = u - 10. Let c be j(7). Let t(q) = -q - 6*q - 1 + 3*q. Give t(c).
11
Let a(w) = 5*w**2 + 3. Let y(z) = 90*z**2 + 55. Let i(f) = -110*a(f) + 6*y(f). Calculate i(1).
-10
Let c(r) = 6 + 2 + 3*r + 1. Let f(z) = -16*z - 46. Let k(m) = -11*c(m) - 2*f(m). Determine k(-5).
-2
Let t be ((-16)/(-12))/((-2)/(-3)). Let k be 3/t*(-5 - -1). Let g(h) = 2*h - 9. Let u(r) = r - 5. Let f(n) = k*g(n) + 11*u(n). Calculate f(4).
-5
Suppose -6*c + 4*q = -5*c - 19, -q - 24 = -3*c. Suppose 5*s - c*s = 2. Let t(f) = 2*f**2 - f**2 + 2*f**2. Dete